ghest common factor of 85 and 180?
5
Calculate the highest common factor of 2618 and 4466.
154
Calculate the greatest common factor of 35 and 11060.
35
What is the greatest common factor of 884 and 340?
68
Calculate the greatest common factor of 75 and 5325.
75
What is the greatest common factor of 285 and 114?
57
What is the greatest common factor of 150 and 570?
30
Calculate the greatest common divisor of 16910 and 534.
178
Calculate the highest common divisor of 72 and 3.
3
Calculate the greatest common divisor of 1053 and 405.
81
What is the greatest common factor of 1712 and 48?
16
Calculate the greatest common factor of 1795 and 5.
5
Calculate the greatest common divisor of 1012 and 18469.
253
What is the greatest common divisor of 65 and 585?
65
What is the highest common divisor of 62 and 248?
62
What is the greatest common divisor of 2639 and 406?
203
What is the highest common factor of 3 and 7368?
3
Calculate the greatest common divisor of 9012 and 12.
12
Calculate the highest common factor of 18898 and 22.
22
What is the greatest common factor of 18 and 23886?
18
Calculate the greatest common factor of 408 and 16.
8
Calculate the highest common factor of 4709 and 170.
17
Calculate the highest common divisor of 126 and 322.
14
What is the greatest common divisor of 87 and 27579?
87
What is the greatest common factor of 66 and 15?
3
Calculate the highest common factor of 7 and 287.
7
What is the greatest common divisor of 156 and 1677?
39
What is the highest common divisor of 189 and 1449?
63
Calculate the greatest common factor of 65 and 715.
65
Calculate the highest common divisor of 424 and 8.
8
Calculate the highest common factor of 59 and 1003.
59
What is the highest common divisor of 71532 and 36?
36
Calculate the greatest common factor of 1870 and 330.
110
What is the highest common divisor of 848 and 318?
106
Calculate the greatest common factor of 10944 and 108.
36
Calculate the highest common divisor of 3245 and 11.
11
Calculate the greatest common divisor of 35 and 21.
7
Calculate the greatest common divisor of 2054 and 237.
79
What is the greatest common factor of 13 and 104?
13
Calculate the greatest common divisor of 684 and 152.
76
What is the greatest common divisor of 873 and 171?
9
What is the highest common divisor of 8284 and 76?
76
What is the highest common factor of 336 and 784?
112
What is the greatest common factor of 145 and 20?
5
What is the greatest common divisor of 538 and 11567?
269
Calculate the greatest common divisor of 2706 and 123.
123
What is the greatest common factor of 21 and 2373?
21
Calculate the greatest common factor of 88 and 3113.
11
Calculate the highest common factor of 46 and 2.
2
Calculate the greatest common factor of 3912 and 24.
24
What is the highest common divisor of 3900 and 468?
156
Calculate the greatest common divisor of 1392 and 2544.
48
What is the highest common divisor of 1846 and 26?
26
Calculate the greatest common factor of 310 and 9455.
155
What is the greatest common divisor of 45 and 285?
15
What is the greatest common factor of 1952 and 16?
16
Calculate the highest common factor of 944 and 144.
16
Calculate the highest common divisor of 39 and 9.
3
Calculate the greatest common divisor of 1000 and 19750.
250
Calculate the highest common divisor of 2871 and 330.
33
Calculate the highest common factor of 880 and 55.
55
Calculate the greatest common divisor of 320 and 120.
40
What is the highest common divisor of 10 and 202?
2
Calculate the highest common divisor of 14 and 14.
14
What is the highest common factor of 187 and 165?
11
What is the greatest common divisor of 60 and 7605?
15
What is the highest common factor of 10094 and 206?
206
What is the greatest common divisor of 120 and 36?
12
What is the highest common divisor of 8282 and 404?
202
What is the highest common divisor of 85 and 25?
5
Calculate the greatest common factor of 896 and 2758.
14
What is the highest common divisor of 38 and 190?
38
Calculate the greatest common factor of 25 and 325.
25
What is the greatest common divisor of 1054 and 17?
17
What is the highest common factor of 3 and 63?
3
Calculate the greatest common divisor of 110 and 1045.
55
Calculate the highest common factor of 60 and 220.
20
What is the highest common divisor of 8 and 164?
4
What is the highest common factor of 4 and 100?
4
What is the greatest common factor of 232 and 406?
58
Calculate the greatest common divisor of 528 and 324.
12
Calculate the greatest common factor of 26147 and 11.
11
Calculate the greatest common divisor of 245 and 26215.
245
What is the highest common divisor of 126 and 2044?
14
What is the highest common factor of 48 and 1616?
16
Calculate the greatest common factor of 642 and 6.
6
Calculate the highest common factor of 272 and 128.
16
Calculate the greatest common factor of 685 and 1918.
137
Calculate the highest common factor of 132 and 42.
6
What is the greatest common factor of 21 and 7077?
21
What is the greatest common factor of 17 and 68?
17
What is the greatest common factor of 4304 and 32?
16
Calculate the greatest common divisor of 1190 and 70.
70
What is the greatest common divisor of 238 and 7938?
14
Calculate the highest common factor of 4576 and 4290.
286
What is the highest common factor of 72 and 592?
8
Calculate the highest common factor of 34182 and 162.
162
Calculate the greatest common factor of 2556 and 1207.
71
What is the greatest common factor of 476 and 68?
68
Calculate the highest common factor of 148 and 3552.
148
What is the greatest common factor of 323 and 1919?
19
Calculate the highest common divisor of 210 and 35.
35
What is the highest common factor of 2232 and 180?
36
Calculate the greatest common divisor of 520 and 24.
8
What is the greatest common factor of 54880 and 7?
7
What is the greatest common factor of 103 and 1339?
103
Calculate the highest common divisor of 2701 and 73.
73
What is the highest common factor of 836 and 66?
22
Calculate the greatest common divisor of 28 and 861.
7
Calculate the greatest common divisor of 176 and 32.
16
What is the greatest common divisor of 23254 and 66?
22
Calculate the greatest common divisor of 798 and 456.
114
What is the greatest common divisor of 49 and 49?
49
What is the highest common divisor of 102 and 850?
34
Calculate the greatest common divisor of 279 and 1519.
31
Calculate the highest common divisor of 850 and 17.
17
What is the greatest common factor of 999 and 135?
27
Calculate the greatest common factor of 969 and 57.
57
What is the greatest common factor of 1029 and 6?
3
Calculate the highest common factor of 11 and 2651.
11
Calculate the highest common factor of 400 and 240.
80
What is the greatest common divisor of 1475 and 118?
59
What is the highest common factor of 9637 and 46?
23
What is the greatest common divisor of 17739 and 972?
243
Calculate the highest common factor of 323 and 34.
17
Calculate the highest common divisor of 61 and 1952.
61
What is the highest common factor of 2373 and 168?
21
What is the highest common factor of 1126 and 10?
2
What is the greatest common divisor of 559 and 43?
43
Calculate the greatest common divisor of 3040 and 20.
20
Calculate the highest common divisor of 44 and 1628.
44
What is the greatest common factor of 2016 and 1449?
63
What is the greatest common factor of 770 and 56?
14
Calculate the greatest common factor of 15857 and 471.
157
Calculate the greatest common divisor of 20 and 35.
5
Calculate the greatest common divisor of 87 and 1537.
29
What is the greatest common divisor of 12 and 64?
4
Calculate the greatest common divisor of 19 and 3173.
19
What is the greatest common factor of 12 and 111?
3
What is the greatest common factor of 1687 and 10845?
241
Calculate the highest common divisor of 3567 and 738.
123
Calculate the highest common divisor of 5476 and 296.
148
Calculate the greatest common factor of 62 and 279.
31
What is the highest common divisor of 172 and 301?
43
Calculate the highest common divisor of 377 and 1469.
13
What is the greatest common divisor of 28 and 84?
28
Calculate the highest common factor of 11060 and 1120.
140
Calculate the highest common divisor of 54 and 72.
18
What is the highest common divisor of 28 and 104?
4
What